{"id":20,"date":"2023-09-12T18:17:36","date_gmt":"2023-09-12T16:17:36","guid":{"rendered":"https:\/\/daniele-joly-peintre.com\/?page_id=20"},"modified":"2023-10-09T14:27:36","modified_gmt":"2023-10-09T12:27:36","slug":"l-autrice","status":"publish","type":"page","link":"https:\/\/daniele-joly-peintre.com\/?page_id=20","title":{"rendered":"L&rsquo; autrice"},"content":{"rendered":"\n<div class=\"wp-block-media-text is-stacked-on-mobile\" style=\"grid-template-columns:40% auto\"><figure class=\"wp-block-media-text__media\"><a class=\"\" href=\"https:\/\/www.actu44.fr\/2044-nouvelles-dun-futur-un-essai-de-daniele-joly\/?fbclid=IwAR2X9Zc6HsJZ_J74ZC4chadk07kDxpeNlfKscyY0hf86P4fqNcxnBsiGWgM\" target=\"_blank\" rel=\"noopener\"><img loading=\"lazy\" decoding=\"async\" width=\"728\" height=\"1024\" src=\"https:\/\/daniele-joly-peintre.com\/wp-content\/uploads\/2023\/09\/livre-D-JOLY-2022-728x1024.jpg\" alt=\"Livre - 2044 Nouvelles d'un Futur - Dani\u00e8le JOLY - \u00c9dition V\u00e9rone\" class=\"wp-image-392 size-medium\" srcset=\"https:\/\/daniele-joly-peintre.com\/wp-content\/uploads\/2023\/09\/livre-D-JOLY-2022-728x1024.jpg 728w, https:\/\/daniele-joly-peintre.com\/wp-content\/uploads\/2023\/09\/livre-D-JOLY-2022-213x300.jpg 213w, https:\/\/daniele-joly-peintre.com\/wp-content\/uploads\/2023\/09\/livre-D-JOLY-2022-768x1080.jpg 768w, https:\/\/daniele-joly-peintre.com\/wp-content\/uploads\/2023\/09\/livre-D-JOLY-2022-142x200.jpg 142w, https:\/\/daniele-joly-peintre.com\/wp-content\/uploads\/2023\/09\/livre-D-JOLY-2022.jpg 853w\" sizes=\"auto, (max-width: 728px) 100vw, 728px\" \/><\/a><\/figure><div class=\"wp-block-media-text__content\">\n<p>Dani\u00e8le JOLY &#8211; Essai<\/p>\n\n\n\n<p>Depuis de nombreuses ann\u00e9es, la France et le monde sont t\u00e9moins de terribles \u00e9v\u00e8nements\u2009: dictatures, attentats, g\u00e9nocides\u2026 L&rsquo;autrice estime que selon notre volont\u00e9, ces derniers perdureront tragiquement ou amorceront des changements pleins d&rsquo;espoir pour les Hommes.<br><\/p>\n\n\n\n<p>2044 &#8211; Nouvelles d&rsquo;un futur, n&rsquo;est ni un roman, ni un r\u00e9cit, ni un discours\u2009: c&rsquo;est un essai dans lequel chaque dictateur se parle \u00e0 lui-m\u00eame et se donne comme mod\u00e8le au monde entier. Chacun cr\u00e9e un monologue dans son r\u00eave m\u00e9galomaniaque. En r\u00e9alit\u00e9, il r\u00e9v\u00e8le des penchants parano\u00efaques voire d\u00e9moniaques, laissant entrevoir les monstruosit\u00e9s provoqu\u00e9es par son monde pervers\u2009: crimes de guerre, crimes contre la nature, g\u00e9nocides\u2026<br>Si certains restent incr\u00e9dules, l&rsquo;autrice, elle, avait anticip\u00e9 ces horreurs depuis longtemps.<br><\/p>\n\n\n\n<p>Dani\u00e8le JOLY est n\u00e9e \u00e0 Ancenis, en Loire-Atlantique, dans une caserne, d&rsquo;un p\u00e8re militaire et d&rsquo;une m\u00e8re femme au foyer. Dani\u00e8le est la seconde d&rsquo;une fratrie de quatre enfants. \u00c0 cause de tr\u00e8s nombreux d\u00e9m\u00e9nagements, elle grandit en se sentant comme une \u00e9ternelle nomade en qu\u00eate d&rsquo;amiti\u00e9 et d&rsquo;amour.<br><\/p>\n\n\n\n<p>Son int\u00e9r\u00eat pour la lecture, l&rsquo;\u00e9criture, la musique, la peinture, la philosophie et la psychologie a souvent \u00e9t\u00e9 source de harc\u00e8lement. Apr\u00e8s des \u00e9tudes de lettres, de droit et de psychologie du travail, elle exerce en tant que professeure de lettres puis comme psychologue du travail jusqu&rsquo;\u00e0 sa retraite. Avide de connaissances, elle m\u00e8ne aujourd&rsquo;hui des recherches dans divers domaines et s&rsquo;exprime en tant qu&rsquo;artiste professionnelle. Elle trouve son inspiration dans des valeurs fondamentales \u00e0 ses yeux\u2009: le sens de la justice, la v\u00e9rit\u00e9, la spiritualit\u00e9.<\/p>\n\n\n\n<p><\/p>\n\n\n\n<figure class=\"wp-block-image size-large is-resized\"><a href=\"https:\/\/www.actu44.fr\/2044-nouvelles-dun-futur-un-essai-de-daniele-joly\/?fbclid=IwAR2X9Zc6HsJZ_J74ZC4chadk07kDxpeNlfKscyY0hf86P4fqNcxnBsiGWgM650\/search?q=Daniele%20JOLY\" target=\"_blank\" rel=\"noreferrer noopener\"><img loading=\"lazy\" decoding=\"async\" src=\"https:\/\/daniele-joly-peintre.com\/wp-content\/uploads\/2023\/09\/livre-D-JOLY-2022-couverture-721x1024.jpg\" alt=\"\" class=\"wp-image-391\" style=\"width:96px;height:136px\" width=\"96\" height=\"136\" srcset=\"https:\/\/daniele-joly-peintre.com\/wp-content\/uploads\/2023\/09\/livre-D-JOLY-2022-couverture-721x1024.jpg 721w, https:\/\/daniele-joly-peintre.com\/wp-content\/uploads\/2023\/09\/livre-D-JOLY-2022-couverture-211x300.jpg 211w, https:\/\/daniele-joly-peintre.com\/wp-content\/uploads\/2023\/09\/livre-D-JOLY-2022-couverture-768x1091.jpg 768w, https:\/\/daniele-joly-peintre.com\/wp-content\/uploads\/2023\/09\/livre-D-JOLY-2022-couverture-141x200.jpg 141w, https:\/\/daniele-joly-peintre.com\/wp-content\/uploads\/2023\/09\/livre-D-JOLY-2022-couverture.jpg 845w\" sizes=\"auto, (max-width: 96px) 100vw, 96px\" \/><\/a><\/figure>\n<\/div><\/div>\n\n\n\n<p><\/p>\n\n\n\n<hr class=\"wp-block-separator has-text-color has-accent-2-color has-alpha-channel-opacity has-accent-2-background-color has-background is-style-dots\"\/>\n","protected":false},"excerpt":{"rendered":"","protected":false},"author":2,"featured_media":0,"parent":0,"menu_order":9,"comment_status":"closed","ping_status":"closed","template":"","meta":{"footnotes":""},"folder":[],"class_list":["post-20","page","type-page","status-publish","hentry"],"_links":{"self":[{"href":"https:\/\/daniele-joly-peintre.com\/index.php?rest_route=\/wp\/v2\/pages\/20","targetHints":{"allow":["GET"]}}],"collection":[{"href":"https:\/\/daniele-joly-peintre.com\/index.php?rest_route=\/wp\/v2\/pages"}],"about":[{"href":"https:\/\/daniele-joly-peintre.com\/index.php?rest_route=\/wp\/v2\/types\/page"}],"author":[{"embeddable":true,"href":"https:\/\/daniele-joly-peintre.com\/index.php?rest_route=\/wp\/v2\/users\/2"}],"replies":[{"embeddable":true,"href":"https:\/\/daniele-joly-peintre.com\/index.php?rest_route=%2Fwp%2Fv2%2Fcomments&post=20"}],"version-history":[{"count":26,"href":"https:\/\/daniele-joly-peintre.com\/index.php?rest_route=\/wp\/v2\/pages\/20\/revisions"}],"predecessor-version":[{"id":588,"href":"https:\/\/daniele-joly-peintre.com\/index.php?rest_route=\/wp\/v2\/pages\/20\/revisions\/588"}],"wp:attachment":[{"href":"https:\/\/daniele-joly-peintre.com\/index.php?rest_route=%2Fwp%2Fv2%2Fmedia&parent=20"}],"wp:term":[{"taxonomy":"folder","embeddable":true,"href":"https:\/\/daniele-joly-peintre.com\/index.php?rest_route=%2Fwp%2Fv2%2Ffolder&post=20"}],"curies":[{"name":"wp","href":"https:\/\/api.w.org\/{rel}","templated":true}]}}