{"id":321,"date":"2023-09-25T16:38:03","date_gmt":"2023-09-25T14:38:03","guid":{"rendered":"https:\/\/daniele-joly-peintre.com\/?page_id=321"},"modified":"2023-10-18T17:01:47","modified_gmt":"2023-10-18T15:01:47","slug":"peinture-thematique-2","status":"publish","type":"page","link":"https:\/\/daniele-joly-peintre.com\/?page_id=321","title":{"rendered":"Peinture &#8211; 2"},"content":{"rendered":"\n<figure class=\"wp-block-gallery has-nested-images columns-3 is-cropped has-headings-background-color has-background wp-block-gallery-1 is-layout-flex wp-block-gallery-is-layout-flex\">\n<figure class=\"wp-block-image size-large is-resized\"><a class=\"lightbox\" href=\"https:\/\/daniele-joly-peintre.com\/wp-content\/uploads\/2023\/09\/20230607_184041.jpg\" rel=\"lightbox\"><img loading=\"lazy\" decoding=\"async\" width=\"823\" height=\"1024\" data-id=\"115\" src=\"https:\/\/daniele-joly-peintre.com\/wp-content\/uploads\/2023\/09\/20230607_184041-823x1024.jpg\" alt=\"\" class=\"wp-image-115\" style=\"object-fit:cover;width:380px;height:480px\" srcset=\"https:\/\/daniele-joly-peintre.com\/wp-content\/uploads\/2023\/09\/20230607_184041-823x1024.jpg 823w, https:\/\/daniele-joly-peintre.com\/wp-content\/uploads\/2023\/09\/20230607_184041-241x300.jpg 241w, https:\/\/daniele-joly-peintre.com\/wp-content\/uploads\/2023\/09\/20230607_184041-768x956.jpg 768w, https:\/\/daniele-joly-peintre.com\/wp-content\/uploads\/2023\/09\/20230607_184041-161x200.jpg 161w, https:\/\/daniele-joly-peintre.com\/wp-content\/uploads\/2023\/09\/20230607_184041.jpg 964w\" sizes=\"auto, (max-width: 823px) 100vw, 823px\" \/><\/a><\/figure>\n\n\n\n<figure class=\"wp-block-image size-large is-resized\"><a class=\"lightbox\" href=\"https:\/\/daniele-joly-peintre.com\/wp-content\/uploads\/2023\/09\/20230607_183911.jpg\" rel=\"lightbox\"><img loading=\"lazy\" decoding=\"async\" width=\"805\" height=\"1024\" data-id=\"114\" src=\"https:\/\/daniele-joly-peintre.com\/wp-content\/uploads\/2023\/09\/20230607_183911-805x1024.jpg\" alt=\"\" class=\"wp-image-114\" style=\"object-fit:cover;width:380px;height:480px\" srcset=\"https:\/\/daniele-joly-peintre.com\/wp-content\/uploads\/2023\/09\/20230607_183911-805x1024.jpg 805w, https:\/\/daniele-joly-peintre.com\/wp-content\/uploads\/2023\/09\/20230607_183911-236x300.jpg 236w, https:\/\/daniele-joly-peintre.com\/wp-content\/uploads\/2023\/09\/20230607_183911-768x977.jpg 768w, https:\/\/daniele-joly-peintre.com\/wp-content\/uploads\/2023\/09\/20230607_183911-157x200.jpg 157w, https:\/\/daniele-joly-peintre.com\/wp-content\/uploads\/2023\/09\/20230607_183911.jpg 943w\" sizes=\"auto, (max-width: 805px) 100vw, 805px\" \/><\/a><\/figure>\n\n\n\n<figure class=\"wp-block-image size-large is-resized\"><a class=\"lightbox\" href=\"https:\/\/daniele-joly-peintre.com\/wp-content\/uploads\/2023\/09\/20230607_183812.jpg\" rel=\"lightbox\"><img loading=\"lazy\" decoding=\"async\" width=\"870\" height=\"1024\" data-id=\"113\" src=\"https:\/\/daniele-joly-peintre.com\/wp-content\/uploads\/2023\/09\/20230607_183812-870x1024.jpg\" alt=\"\" class=\"wp-image-113\" style=\"object-fit:cover;width:380px;height:480px\" srcset=\"https:\/\/daniele-joly-peintre.com\/wp-content\/uploads\/2023\/09\/20230607_183812-870x1024.jpg 870w, https:\/\/daniele-joly-peintre.com\/wp-content\/uploads\/2023\/09\/20230607_183812-255x300.jpg 255w, https:\/\/daniele-joly-peintre.com\/wp-content\/uploads\/2023\/09\/20230607_183812-768x904.jpg 768w, https:\/\/daniele-joly-peintre.com\/wp-content\/uploads\/2023\/09\/20230607_183812-170x200.jpg 170w, https:\/\/daniele-joly-peintre.com\/wp-content\/uploads\/2023\/09\/20230607_183812.jpg 1019w\" sizes=\"auto, (max-width: 870px) 100vw, 870px\" \/><\/a><\/figure>\n<\/figure>\n\n\n\n<div class=\"wp-block-columns are-vertically-aligned-center has-headings-background-color has-background is-layout-flex wp-container-core-columns-is-layout-9d6595d7 wp-block-columns-is-layout-flex\">\n<div class=\"wp-block-column is-vertically-aligned-center is-layout-flow wp-block-column-is-layout-flow\" style=\"flex-basis:30%\">\n<p class=\"has-text-align-center\">Home Sweet Home<br>Acrylique sur Toile 50&#215;50 cm<\/p>\n<\/div>\n\n\n\n<div class=\"wp-block-column is-vertically-aligned-center is-layout-flow wp-block-column-is-layout-flow\" style=\"flex-basis:30%\">\n<p class=\"has-text-align-center\">Nana<br>Acrylique sur Toile 50&#215;50 cm<\/p>\n<\/div>\n\n\n\n<div class=\"wp-block-column is-vertically-aligned-center is-layout-flow wp-block-column-is-layout-flow\" style=\"flex-basis:30%\">\n<p class=\"has-text-align-center\">\u00c9pop\u00e9e<br>Acrylique sur Toile 50&#215;50 cm<\/p>\n<\/div>\n<\/div>\n\n\n\n<hr class=\"wp-block-separator has-text-color has-accent-1-color has-alpha-channel-opacity has-accent-1-background-color has-background is-style-dots\"\/>\n\n\n\n<figure class=\"wp-block-gallery has-nested-images columns-3 is-cropped has-headings-background-color has-background wp-block-gallery-2 is-layout-flex wp-block-gallery-is-layout-flex\">\n<figure class=\"wp-block-image size-large is-resized\"><a class=\"lightbox\" href=\"https:\/\/daniele-joly-peintre.com\/wp-content\/uploads\/2023\/09\/20230607_182958.jpg\" rel=\"lightbox\"><img loading=\"lazy\" decoding=\"async\" width=\"620\" height=\"1024\" data-id=\"112\" src=\"https:\/\/daniele-joly-peintre.com\/wp-content\/uploads\/2023\/09\/20230607_182958-620x1024.jpg\" alt=\"\" class=\"wp-image-112\" style=\"object-fit:cover;width:380px;height:480px\" srcset=\"https:\/\/daniele-joly-peintre.com\/wp-content\/uploads\/2023\/09\/20230607_182958-620x1024.jpg 620w, https:\/\/daniele-joly-peintre.com\/wp-content\/uploads\/2023\/09\/20230607_182958-182x300.jpg 182w, https:\/\/daniele-joly-peintre.com\/wp-content\/uploads\/2023\/09\/20230607_182958-121x200.jpg 121w, https:\/\/daniele-joly-peintre.com\/wp-content\/uploads\/2023\/09\/20230607_182958.jpg 726w\" sizes=\"auto, (max-width: 620px) 100vw, 620px\" \/><\/a><\/figure>\n\n\n\n<figure class=\"wp-block-image size-large is-resized\"><a class=\"lightbox\" href=\"https:\/\/daniele-joly-peintre.com\/wp-content\/uploads\/2023\/09\/20230607_182821.jpg\" rel=\"lightbox\"><img loading=\"lazy\" decoding=\"async\" width=\"769\" height=\"1024\" data-id=\"111\" src=\"https:\/\/daniele-joly-peintre.com\/wp-content\/uploads\/2023\/09\/20230607_182821-769x1024.jpg\" alt=\"\" class=\"wp-image-111\" style=\"object-fit:cover;width:380px;height:480px\" srcset=\"https:\/\/daniele-joly-peintre.com\/wp-content\/uploads\/2023\/09\/20230607_182821-769x1024.jpg 769w, https:\/\/daniele-joly-peintre.com\/wp-content\/uploads\/2023\/09\/20230607_182821-225x300.jpg 225w, https:\/\/daniele-joly-peintre.com\/wp-content\/uploads\/2023\/09\/20230607_182821-768x1023.jpg 768w, https:\/\/daniele-joly-peintre.com\/wp-content\/uploads\/2023\/09\/20230607_182821-150x200.jpg 150w, https:\/\/daniele-joly-peintre.com\/wp-content\/uploads\/2023\/09\/20230607_182821.jpg 901w\" sizes=\"auto, (max-width: 769px) 100vw, 769px\" \/><\/a><\/figure>\n\n\n\n<figure class=\"wp-block-image size-large is-resized\"><a class=\"lightbox\" href=\"https:\/\/daniele-joly-peintre.com\/wp-content\/uploads\/2023\/09\/20230607_182649.jpg\" rel=\"lightbox\"><img loading=\"lazy\" decoding=\"async\" width=\"757\" height=\"1024\" data-id=\"110\" src=\"https:\/\/daniele-joly-peintre.com\/wp-content\/uploads\/2023\/09\/20230607_182649-757x1024.jpg\" alt=\"\" class=\"wp-image-110\" style=\"object-fit:cover;width:380px;height:480px\" srcset=\"https:\/\/daniele-joly-peintre.com\/wp-content\/uploads\/2023\/09\/20230607_182649-757x1024.jpg 757w, https:\/\/daniele-joly-peintre.com\/wp-content\/uploads\/2023\/09\/20230607_182649-222x300.jpg 222w, https:\/\/daniele-joly-peintre.com\/wp-content\/uploads\/2023\/09\/20230607_182649-768x1039.jpg 768w, https:\/\/daniele-joly-peintre.com\/wp-content\/uploads\/2023\/09\/20230607_182649-148x200.jpg 148w, https:\/\/daniele-joly-peintre.com\/wp-content\/uploads\/2023\/09\/20230607_182649.jpg 887w\" sizes=\"auto, (max-width: 757px) 100vw, 757px\" \/><\/a><\/figure>\n<\/figure>\n\n\n\n<div class=\"wp-block-columns are-vertically-aligned-center has-headings-background-color has-background is-layout-flex wp-container-core-columns-is-layout-9d6595d7 wp-block-columns-is-layout-flex\">\n<div class=\"wp-block-column is-vertically-aligned-center is-layout-flow wp-block-column-is-layout-flow\" style=\"flex-basis:30%\">\n<p class=\"has-text-align-center\">Dualit\u00e9<br>Acrylique sur Toile 33&#215;41 cm<\/p>\n<\/div>\n\n\n\n<div class=\"wp-block-column is-vertically-aligned-center is-layout-flow wp-block-column-is-layout-flow\" style=\"flex-basis:30%\">\n<p class=\"has-text-align-center\">Fantasme<br>Acrylique sur Toile 37,5&#215;46 cm<\/p>\n<\/div>\n\n\n\n<div class=\"wp-block-column is-vertically-aligned-center is-layout-flow wp-block-column-is-layout-flow\" style=\"flex-basis:30%\">\n<p class=\"has-text-align-center\">La Sorci\u00e8re<br>Acrylique sur Toile 54&#215;73 cm<\/p>\n<\/div>\n<\/div>\n\n\n\n<hr class=\"wp-block-separator has-text-color has-accent-1-color has-alpha-channel-opacity has-accent-1-background-color has-background is-style-dots\"\/>\n\n\n\n<figure class=\"wp-block-gallery has-nested-images columns-3 is-cropped has-headings-background-color has-background wp-block-gallery-3 is-layout-flex wp-block-gallery-is-layout-flex\">\n<figure class=\"wp-block-image size-large is-resized\"><a class=\"lightbox\" href=\"https:\/\/daniele-joly-peintre.com\/wp-content\/uploads\/2023\/09\/20230607_182539.jpg\" rel=\"lightbox\"><img loading=\"lazy\" decoding=\"async\" width=\"658\" height=\"1024\" data-id=\"109\" src=\"https:\/\/daniele-joly-peintre.com\/wp-content\/uploads\/2023\/09\/20230607_182539-658x1024.jpg\" alt=\"\" class=\"wp-image-109\" style=\"object-fit:cover;width:380px;height:480px\" srcset=\"https:\/\/daniele-joly-peintre.com\/wp-content\/uploads\/2023\/09\/20230607_182539-658x1024.jpg 658w, https:\/\/daniele-joly-peintre.com\/wp-content\/uploads\/2023\/09\/20230607_182539-193x300.jpg 193w, https:\/\/daniele-joly-peintre.com\/wp-content\/uploads\/2023\/09\/20230607_182539-768x1195.jpg 768w, https:\/\/daniele-joly-peintre.com\/wp-content\/uploads\/2023\/09\/20230607_182539-129x200.jpg 129w, https:\/\/daniele-joly-peintre.com\/wp-content\/uploads\/2023\/09\/20230607_182539.jpg 771w\" sizes=\"auto, (max-width: 658px) 100vw, 658px\" \/><\/a><\/figure>\n\n\n\n<figure class=\"wp-block-image size-large is-resized\"><a class=\"lightbox\" href=\"https:\/\/daniele-joly-peintre.com\/wp-content\/uploads\/2023\/09\/20230607_182439.jpg\" rel=\"lightbox\"><img loading=\"lazy\" decoding=\"async\" width=\"689\" height=\"1024\" data-id=\"108\" src=\"https:\/\/daniele-joly-peintre.com\/wp-content\/uploads\/2023\/09\/20230607_182439-689x1024.jpg\" alt=\"\" class=\"wp-image-108\" style=\"object-fit:cover;width:380px;height:480px\" srcset=\"https:\/\/daniele-joly-peintre.com\/wp-content\/uploads\/2023\/09\/20230607_182439-689x1024.jpg 689w, https:\/\/daniele-joly-peintre.com\/wp-content\/uploads\/2023\/09\/20230607_182439-202x300.jpg 202w, https:\/\/daniele-joly-peintre.com\/wp-content\/uploads\/2023\/09\/20230607_182439-768x1142.jpg 768w, https:\/\/daniele-joly-peintre.com\/wp-content\/uploads\/2023\/09\/20230607_182439-135x200.jpg 135w, https:\/\/daniele-joly-peintre.com\/wp-content\/uploads\/2023\/09\/20230607_182439.jpg 807w\" sizes=\"auto, (max-width: 689px) 100vw, 689px\" \/><\/a><\/figure>\n\n\n\n<figure class=\"wp-block-image size-large is-resized\"><a class=\"lightbox\" href=\"https:\/\/daniele-joly-peintre.com\/wp-content\/uploads\/2023\/10\/chaman01.jpg\" rel=\"lightbox\"><img loading=\"lazy\" decoding=\"async\" width=\"850\" height=\"1024\" data-id=\"675\" src=\"https:\/\/daniele-joly-peintre.com\/wp-content\/uploads\/2023\/10\/chaman01-850x1024.jpg\" alt=\"\" class=\"wp-image-675\" style=\"object-fit:cover;width:380px;height:480px\" srcset=\"https:\/\/daniele-joly-peintre.com\/wp-content\/uploads\/2023\/10\/chaman01-850x1024.jpg 850w, https:\/\/daniele-joly-peintre.com\/wp-content\/uploads\/2023\/10\/chaman01-249x300.jpg 249w, https:\/\/daniele-joly-peintre.com\/wp-content\/uploads\/2023\/10\/chaman01-768x925.jpg 768w, https:\/\/daniele-joly-peintre.com\/wp-content\/uploads\/2023\/10\/chaman01-166x200.jpg 166w, https:\/\/daniele-joly-peintre.com\/wp-content\/uploads\/2023\/10\/chaman01.jpg 996w\" sizes=\"auto, (max-width: 850px) 100vw, 850px\" \/><\/a><\/figure>\n<\/figure>\n\n\n\n<div class=\"wp-block-columns are-vertically-aligned-center has-headings-background-color has-background is-layout-flex wp-container-core-columns-is-layout-9d6595d7 wp-block-columns-is-layout-flex\">\n<div class=\"wp-block-column is-vertically-aligned-center is-layout-flow wp-block-column-is-layout-flow\" style=\"flex-basis:30%\">\n<p class=\"has-text-align-center\">\u00c9cume des Jours<br>Acrylique sur Toile 60&#215;80 cm<\/p>\n<\/div>\n\n\n\n<div class=\"wp-block-column is-vertically-aligned-center is-layout-flow wp-block-column-is-layout-flow\" style=\"flex-basis:30%\">\n<p class=\"has-text-align-center\">Aurore<br>Acrylique sur Toile 50&#215;60 cm<\/p>\n<\/div>\n\n\n\n<div class=\"wp-block-column is-vertically-aligned-center is-layout-flow wp-block-column-is-layout-flow\" style=\"flex-basis:30%\">\n<p class=\"has-text-align-center\">Chaman<br>Acrylique sur Toile 50&#215;60,5 cm<\/p>\n<\/div>\n<\/div>\n\n\n\n<hr class=\"wp-block-separator has-text-color has-accent-1-color has-alpha-channel-opacity has-accent-1-background-color has-background is-style-dots\"\/>\n\n\n\n<figure class=\"wp-block-gallery has-nested-images columns-3 is-cropped has-headings-background-color has-background wp-block-gallery-4 is-layout-flex wp-block-gallery-is-layout-flex\">\n<figure class=\"wp-block-image size-large is-resized\"><a class=\"lightbox\" href=\"https:\/\/daniele-joly-peintre.com\/wp-content\/uploads\/2023\/09\/20230607_181833.jpg\" rel=\"lightbox\"><img loading=\"lazy\" decoding=\"async\" width=\"636\" height=\"1024\" data-id=\"106\" src=\"https:\/\/daniele-joly-peintre.com\/wp-content\/uploads\/2023\/09\/20230607_181833-636x1024.jpg\" alt=\"\" class=\"wp-image-106\" style=\"object-fit:cover;width:380px;height:480px\" srcset=\"https:\/\/daniele-joly-peintre.com\/wp-content\/uploads\/2023\/09\/20230607_181833-636x1024.jpg 636w, https:\/\/daniele-joly-peintre.com\/wp-content\/uploads\/2023\/09\/20230607_181833-186x300.jpg 186w, https:\/\/daniele-joly-peintre.com\/wp-content\/uploads\/2023\/09\/20230607_181833-124x200.jpg 124w, https:\/\/daniele-joly-peintre.com\/wp-content\/uploads\/2023\/09\/20230607_181833.jpg 745w\" sizes=\"auto, (max-width: 636px) 100vw, 636px\" \/><\/a><\/figure>\n\n\n\n<figure class=\"wp-block-image size-large is-resized\"><a class=\"lightbox\" href=\"https:\/\/daniele-joly-peintre.com\/wp-content\/uploads\/2023\/09\/20230607_181955.jpg\" rel=\"lightbox\"><img loading=\"lazy\" decoding=\"async\" width=\"643\" height=\"1024\" data-id=\"107\" src=\"https:\/\/daniele-joly-peintre.com\/wp-content\/uploads\/2023\/09\/20230607_181955-643x1024.jpg\" alt=\"\" class=\"wp-image-107\" style=\"object-fit:cover;width:380px;height:480px\" srcset=\"https:\/\/daniele-joly-peintre.com\/wp-content\/uploads\/2023\/09\/20230607_181955-643x1024.jpg 643w, https:\/\/daniele-joly-peintre.com\/wp-content\/uploads\/2023\/09\/20230607_181955-189x300.jpg 189w, https:\/\/daniele-joly-peintre.com\/wp-content\/uploads\/2023\/09\/20230607_181955-126x200.jpg 126w, https:\/\/daniele-joly-peintre.com\/wp-content\/uploads\/2023\/09\/20230607_181955.jpg 754w\" sizes=\"auto, (max-width: 643px) 100vw, 643px\" \/><\/a><\/figure>\n\n\n\n<figure class=\"wp-block-image size-large is-resized\"><a class=\"lightbox\" href=\"https:\/\/daniele-joly-peintre.com\/wp-content\/uploads\/2023\/10\/rythmes01.jpg\" rel=\"lightbox\"><img loading=\"lazy\" decoding=\"async\" width=\"1024\" height=\"791\" data-id=\"676\" src=\"https:\/\/daniele-joly-peintre.com\/wp-content\/uploads\/2023\/10\/rythmes01-1024x791.jpg\" alt=\"\" class=\"wp-image-676\" style=\"object-fit:cover;width:380px;height:480px\" srcset=\"https:\/\/daniele-joly-peintre.com\/wp-content\/uploads\/2023\/10\/rythmes01-1024x791.jpg 1024w, https:\/\/daniele-joly-peintre.com\/wp-content\/uploads\/2023\/10\/rythmes01-300x232.jpg 300w, https:\/\/daniele-joly-peintre.com\/wp-content\/uploads\/2023\/10\/rythmes01-768x593.jpg 768w, https:\/\/daniele-joly-peintre.com\/wp-content\/uploads\/2023\/10\/rythmes01-1536x1186.jpg 1536w, https:\/\/daniele-joly-peintre.com\/wp-content\/uploads\/2023\/10\/rythmes01-259x200.jpg 259w, https:\/\/daniele-joly-peintre.com\/wp-content\/uploads\/2023\/10\/rythmes01.jpg 1554w\" sizes=\"auto, (max-width: 1024px) 100vw, 1024px\" \/><\/a><\/figure>\n<\/figure>\n\n\n\n<div class=\"wp-block-columns are-vertically-aligned-center has-headings-background-color has-background is-layout-flex wp-container-core-columns-is-layout-9d6595d7 wp-block-columns-is-layout-flex\">\n<div class=\"wp-block-column is-vertically-aligned-center is-layout-flow wp-block-column-is-layout-flow\" style=\"flex-basis:30%\">\n<p class=\"has-text-align-center\">Le Monde d&rsquo;en Bas<br>Acrylique sur Carton Encoll\u00e9 38&#215;46 cm<\/p>\n<\/div>\n\n\n\n<div class=\"wp-block-column is-vertically-aligned-center is-layout-flow wp-block-column-is-layout-flow\" style=\"flex-basis:30%\">\n<p class=\"has-text-align-center\">Le Monde d&rsquo;en Haut<br>Acrylique sur Carton Encoll\u00e9 38&#215;46 cm<\/p>\n<\/div>\n\n\n\n<div class=\"wp-block-column is-vertically-aligned-center is-layout-flow wp-block-column-is-layout-flow\" style=\"flex-basis:30%\">\n<p class=\"has-text-align-center\">Rythmes<\/p>\n\n\n\n<p class=\"has-text-align-center\">Acrylique sur Toile 92&#215;73 cm<br><\/p>\n<\/div>\n<\/div>\n\n\n\n<hr class=\"wp-block-separator has-text-color has-accent-1-color has-alpha-channel-opacity has-accent-1-background-color has-background is-style-dots\"\/>\n\n\n\n<p class=\"has-headings-background-color has-background\"><\/p>\n","protected":false},"excerpt":{"rendered":"<p>Home Sweet HomeAcrylique sur Toile 50&#215;50 cm NanaAcrylique sur Toile 50&#215;50 cm \u00c9pop\u00e9eAcrylique sur Toile 50&#215;50 cm Dualit\u00e9Acrylique sur Toile 33&#215;41 cm FantasmeAcrylique sur Toile 37,5&#215;46 cm La Sorci\u00e8reAcrylique sur Toile 54&#215;73 cm \u00c9cume des JoursAcrylique sur Toile 60&#215;80 cm AuroreAcrylique sur Toile 50&#215;60 cm ChamanAcrylique sur Toile 50&#215;60,5 cm &hellip;<\/p>\n","protected":false},"author":2,"featured_media":0,"parent":0,"menu_order":6,"comment_status":"closed","ping_status":"closed","template":"","meta":{"footnotes":""},"folder":[],"class_list":["post-321","page","type-page","status-publish","hentry"],"_links":{"self":[{"href":"https:\/\/daniele-joly-peintre.com\/index.php?rest_route=\/wp\/v2\/pages\/321","targetHints":{"allow":["GET"]}}],"collection":[{"href":"https:\/\/daniele-joly-peintre.com\/index.php?rest_route=\/wp\/v2\/pages"}],"about":[{"href":"https:\/\/daniele-joly-peintre.com\/index.php?rest_route=\/wp\/v2\/types\/page"}],"author":[{"embeddable":true,"href":"https:\/\/daniele-joly-peintre.com\/index.php?rest_route=\/wp\/v2\/users\/2"}],"replies":[{"embeddable":true,"href":"https:\/\/daniele-joly-peintre.com\/index.php?rest_route=%2Fwp%2Fv2%2Fcomments&post=321"}],"version-history":[{"count":15,"href":"https:\/\/daniele-joly-peintre.com\/index.php?rest_route=\/wp\/v2\/pages\/321\/revisions"}],"predecessor-version":[{"id":678,"href":"https:\/\/daniele-joly-peintre.com\/index.php?rest_route=\/wp\/v2\/pages\/321\/revisions\/678"}],"wp:attachment":[{"href":"https:\/\/daniele-joly-peintre.com\/index.php?rest_route=%2Fwp%2Fv2%2Fmedia&parent=321"}],"wp:term":[{"taxonomy":"folder","embeddable":true,"href":"https:\/\/daniele-joly-peintre.com\/index.php?rest_route=%2Fwp%2Fv2%2Ffolder&post=321"}],"curies":[{"name":"wp","href":"https:\/\/api.w.org\/{rel}","templated":true}]}}